be s(-5). Let y = l - -28. Calculate the remainder when ((-36)/(-1))/(6/9) is divided by y.
26
Suppose 0 = -8*p + 5*p - 5*y + 58, 0 = -5*p - 4*y + 114. Calculate the remainder when 672 is divided by p.
22
Let i(v) be the third derivative of v**5/30 + v**3/3 - 4*v**2. What is the remainder when (-168)/(-3) - -1*3 is divided by i(3)?
19
Let o(d) = -d**3 + 25*d**2 + 51*d + 90. Calculate the remainder when 70 is divided by o(27).
7
Suppose 0 = x - 43 + 16. Let y be 4/30 + 86/30. Suppose -y = 4*f - x. Calculate the remainder when 17 is divided by f.
5
Let b(u) = -2*u + 15. Let y be b(0). Let k = y - -13. Calculate the remainder when k is divided by 10.
8
Let r(s) = 6*s + 10. Let o be r(-3). What is the remainder when ((-60)/o)/((-3)/(-20)) is divided by 13?
11
Suppose 0 = -4*a - 8, 4*h - 3*a + 2*a = 86. Suppose -18*f - 36 = -h*f. Let k = 1 + f. Calculate the remainder when 24 is divided by k.
11
Suppose -260 = -0*n - 20*n. Let q = 132 - 69. Calculate the remainder when q is divided by n.
11
Let j = -350 + 352. What is the remainder when 42 is divided by j?
0
Let d(l) = 2*l**2 + 4*l + 3. Calculate the remainder when (-93 + (-18)/(-3))*-1 + -1 is divided by d(-4).
10
Suppose y + 1563 - 494 = -5*h, -h - 219 = -5*y. Let l = -145 - h. What is the remainder when l is divided by 18?
15
Let o(j) = j**2 + 9*j + 5. Let g be o(-8). Let s be ((-9)/6)/(g/12). Suppose 0 = s*f - 5*f - 12. What is the remainder when 45 is divided by f?
9
Suppose -p - 15 = 5*k - 54, -4*k - 5*p + 48 = 0. Calculate the remainder when 45 is divided by k.
3
Let g be (4/2)/(30/405). Let m = 24 - 2. Let u = g - m. What is the remainder when 17 is divided by u?
2
Suppose -2*x = 43 - 529. Suppose 0*y = -3*y + x. What is the remainder when y is divided by 21?
18
Let l = -1734 + 2126. What is the remainder when l is divided by 130?
2
Let b(m) = m**3 - 2*m**2 - 83*m + 258. Let t(o) = -o**2 - 4*o + 4. Let x be t(-4). Calculate the remainder when b(3) is divided by 1 - x/(4/(-9)).
8
Suppose 12*l = 969 - 561. Let z be 3/((-3)/14) - -1. Let q = l - z. Calculate the remainder when q is divided by 24.
23
Suppose 3*o - 13 = -5*n + 25, -88 = -3*o + 5*n. Let m = o + 21. Let j(q) = 2*q**2 - 30*q + 67. Calculate the remainder when m is divided by j(13).
12
Suppose -5*z = -5, 0 = -k - 2*z - 3*z + 28. Let r be 100/3*12/10. Suppose c - 6*c = -r. Calculate the remainder when k is divided by c.
7
Calculate the remainder when (-1)/(-3)*(-5775)/(-25) is divided by 26.
25
Let j(o) = o**3 + 26*o**2 + 44*o - 45. Calculate the remainder when j(-24) is divided by 18.
15
Suppose -3*f = 32 - 113. What is the remainder when 13 is divided by (-12)/30 + f/5?
3
Suppose 2*m = 3*y - 475, -15*y = -18*y - 4*m + 445. Calculate the remainder when y is divided by 78.
77
Let v(q) = 59*q**2 - 5*q - 7. Let x be v(-2). Suppose 0 = -4*w - 155 + x. Calculate the remainder when 57 is divided by w.
15
What is the remainder when 8 + -13 - (-71)/(3/3) is divided by 29?
8
What is the remainder when (-24060)/(-135) + (-2)/9 is divided by 18?
16
Suppose 9*p - 111 = 78. What is the remainder when 103 is divided by p?
19
Suppose 58*j - 19 - 39 = 0. Let b be (0 - -2) + 3 + -1. Suppose -10 = -2*m, b*m - 16 = -x + m. What is the remainder when x is divided by j?
0
Suppose -4*l + 741 = 5*o, 3*l - 16 = -l. Suppose t - 5 = -5*k + 37, t = k + 36. Calculate the remainder when o is divided by t.
34
Let q = -272 + 890. Calculate the remainder when q is divided by 69.
66
Let m = 2 + 2. Let j = -362 - -365. What is the remainder when m is divided by j?
1
Let o = -52 + 79. What is the remainder when 288 is divided by o?
18
Suppose -54 = -u - 24. What is the remainder when 90 is divided by u?
0
Let x(r) = 36*r - 80. Calculate the remainder when 56 is divided by x(3).
0
Let i be 5/(-2)*20/(-25). Suppose i*a + 3*a - 20 = 0. What is the remainder when 4 is divided by 1/(2/(-4)) + a?
0
Suppose j - 5*x = 9, -2*x - 54 = -4*j - 0*x. Suppose 100 = w - j. Calculate the remainder when w is divided by 29.
27
Let g = -17 - -104. Let b = -50 + g. What is the remainder when b is divided by 20?
17
Let s be -1*((-8)/10 + 189/(-45)). What is the remainder when 18 is divided by (-11 - -12) + s + 1?
4
Let y = -123 - -175. Calculate the remainder when y is divided by 19.
14
Let i(a) = -a**3 + 6*a**2 - 3*a - 4. Let v = -119 + 121. Suppose -j + 2*x + 149 = 4*j, 5*x - 77 = -v*j. Calculate the remainder when j is divided by i(4).
15
Let f be 2/(-12) - 2724/72. Let w = f - -61. What is the remainder when (-1 - 0) + (w - -1) is divided by 6?
5
Let s = 2594 + -2557. Calculate the remainder when 178 is divided by s.
30
Let u = -354 - -632. What is the remainder when u is divided by 28?
26
Suppose 0 = p + 3*u - 68, 0 = 5*p - 4*u - 480 + 159. Let g = p - 36. What is the remainder when g is divided by 10?
9
Let d = 11 + -8. Suppose -3*t + 12 = d*l, 3*t - 3*l - 47 = l. Let p(z) = 2*z + 6. What is the remainder when p(9) is divided by t?
6
Suppose 495 = 5*n + 3*k - 575, -4*k + 20 = 0. What is the remainder when n is divided by 68?
7
Suppose -4*k - 5*v + 78 = 0, 0 = -5*v + 7 - 17. Calculate the remainder when 48 is divided by k.
4
Let n(f) be the third derivative of -1/24*f**4 + 0 + 8*f**2 + 0*f + 1/6*f**3. What is the remainder when 7 is divided by n(-3)?
3
Suppose 8*g - 507 = 1405. Calculate the remainder when g is divided by 16.
15
Suppose 10 = 2*f, -4*t + 2*f + 44 = -26. Calculate the remainder when 38 is divided by t.
18
Suppose -z + 4 = -m, -5*z - 3*m - m + 38 = 0. What is the remainder when 100 is divided by z?
4
Suppose o - 3 = -3*r + 4*o, 3*r - 3 = o. Let n(q) = 22*q**2 - q. Calculate the remainder when 40 is divided by n(r).
19
Let r = 18 + -11. Suppose q = s + r, -3*q + 2*s + 3*s = -23. Suppose q*d + 24 = 10*d. What is the remainder when d is divided by 2?
0
Let j = -227 + 304. What is the remainder when j is divided by 21?
14
Let d = -20 + 29. Let u be (-16)/6*d/(-6). Suppose 0 = -u*b + 28. Calculate the remainder when 19 is divided by b.
5
Suppose -4*p - r + 178 = 0, 170 = 4*p - r - 2*r. What is the remainder when p is divided by (-31)/(-2) - (-1)/2?
12
Suppose -18 = -6*a - 6. What is the remainder when 17 is divided by (-4 - -6) + 6 - a?
5
Suppose 0 = 3*m - 5 - 7. Let o = -62 + 66. Suppose -o*r = -3*b + 1, -b - 4*b + 5*r = -5. What is the remainder when m is divided by b?
1
Let w(z) = z**2 - z + 15. Let v be w(-3). Suppose 15*n + 1092 = v*n. What is the remainder when n is divided by 23?
22
Let m(g) = g**3 + 11*g**2 + 5*g + 10. Let s = 32 + -42. What is the remainder when m(s) is divided by 22?
16
Let i be ((-10)/(-20))/(2/(-48)). What is the remainder when (i/(-10))/(2/45) is divided by 14?
13
Let d(i) = i**3 - 4*i**2 - 7*i + 6. Let y be d(5). Calculate the remainder when 132 is divided by y/(-1 + -3)*19.
18
Let v(q) = -q**3 + 4*q**2 + 3*q. Suppose -8*m - 2 = -10*m, 122 = 4*w + 2*m. Calculate the remainder when w is divided by v(3).
12
Let y(h) = 117*h - 83. What is the remainder when 1189 is divided by y(1)?
33
Suppose 5*p + 55 = 5*q, 3*p - 93 = -3*q - 36. What is the remainder when 388 is divided by q?
13
Let t be 207 + -2 + 20/5. Calculate the remainder when t/3 + 4/3 is divided by 36.
35
Suppose 5*o - 21 = -2*f, -4*o + 12 = 2*f - 6. Suppose -f*u + 223 = 55. What is the remainder when u is divided by 15?
11
Suppose 19*y + 917 - 2969 = 0. Calculate the remainder when y is divided by 56.
52
Suppose -5*p = 4*h - 103, 0 = -4*h - 18 + 26. Calculate the remainder when p is divided by 15.
4
Let y(q) = q**2 + 17*q - 21. Let c be y(-18). What is the remainder when (1/(-3))/(c/99) is divided by 3?
2
Let y(t) = t**3 - 7*t**2 + 5*t + 8. Let g be y(6). Let h(v) = 6*v**2 + 0*v**2 - 5*v**g - 3*v - 2 + 1. Calculate the remainder when 26 is divided by h(5).
8
Let w(y) = -y**2 + 6*y - 3. Let z be w(4). Let h be (7 - z)*(-110)/(-4). Suppose 0 = 3*d + 2*d - h. Calculate the remainder when 31 is divided by d.
9
Suppose -4*a - 6 = -o, 4*o + a = 2*a + 9. Suppose 36 + 44 = o*s. What is the remainder when 158 is divided by s?
38
Let u = 4 + 0. Let h = u - -2. What is the remainder when 244/11 + (-8)/44 is divided by h?
4
Let w(r) = 21 - 8 + 12*r + 7 + 8 + r**3 + 13*r**2. Calculate the remainder when 106 is divided by w(-12).
22
Suppose -h + 64 = -6*f + 2*f, -2*h - 5*f = -115. Calculate the r